*m = -3*m - 15. Suppose 31 = 2*f + 3*y, x = -2*y + y + m. List the prime factors of f.
11
Let x = 8 - 2. What are the prime factors of x?
2, 3
Let j = 5 - 0. Suppose 55 - 1 = 3*c - j*z, 3*z = -2*c + 36. What are the prime factors of c?
2, 3
Let p(n) = -n**3 + 4*n**2 + 5*n + 6. List the prime factors of p(5).
2, 3
Suppose 4*b = -2*y + 146, 2*b - 2*y - 57 = 7. List the prime factors of b.
5, 7
Let q(r) = 6*r**2 + 18*r + 6. Let w = 7 + -3. Let p(i) = 2*i**2 + 6*i + 2. Let t(a) = w*q(a) - 11*p(a). List the prime factors of t(-4).
2, 5
Let k(d) = -d**2 + 4*d + 4. Let z be k(4). Suppose -s = -z*s. Suppose s*g = 3*g - 9. What are the prime factors of g?
3
Let w be (-2 - 7)/(3/(-10)). Suppose 0*k + r - w = -k, r = 0. List the prime factors of k.
2, 3, 5
Let k be (36/8)/(1/2). Suppose 3*c = -k, -4*l + c + 39 = -32. What are the prime factors of l?
17
Let d(n) = n**3 + 28*n**2 + 23*n + 4. List the prime factors of d(-27).
2, 7
Let k be ((-3)/2)/((-6)/(-8)). Let n = 0 - k. List the prime factors of 3/n*66/9.
11
Suppose -3*k + 2*k + 2*a = -71, 3*k - 213 = -5*a. What are the prime factors of k?
71
Let v(g) = -g - 8. Let x be v(-8). Suppose x = 3*r - 0*k - 3*k - 9, -r - 5*k = -3. List the prime factors of r.
3
Let y be 5/10*(-2 + 0). Let n = y + 26. What are the prime factors of n?
5
Suppose -4*d + 10 = d. Let t(l) = 2*l**2 + l**3 - 6*l**2 - 3*l + d - 1. List the prime factors of t(5).
11
Let h(q) = 5*q**2. Let d be h(1). Suppose j - 8 = -d*o - 2*j, 40 = 5*o - 5*j. Suppose 56 = 8*l - o*l. List the prime factors of l.
2, 7
Suppose -2*n - 8 = 2*n. Let g(f) = 8*f**2 + 3*f + 2. Let s be g(n). Suppose 0*k - s = -4*k. List the prime factors of k.
7
Let m(u) = 3 + 2 - 25*u + 0 + 24*u. List the prime factors of m(-8).
13
Let z be (1 + -2 + 2)*7. Suppose 3*v + 133 = -3*n + 52, 0 = -2*n - v - 55. List the prime factors of ((-48)/n)/(2/z).
2, 3
What are the prime factors of 4*(-12)/(-16) - -75?
2, 3, 13
Let v = 55 - 36. What are the prime factors of v?
19
Let t be -9 - 0/(1 - 0). Let z(c) = -c**3 - 5*c**2 - 2*c - 5. Let x be z(-4). Let k = t - x. List the prime factors of k.
2
What are the prime factors of 3 + -3 + 54 - -5?
59
Let w(t) = 3*t**2 - 6*t + 14. List the prime factors of w(5).
59
Suppose 0 = 3*k + 3*i + 2*i + 11, -5*k + 2*i = -23. List the prime factors of (-41)/(-2)*(5 - k).
41
Let w be 2/(94/30 + -3). List the prime factors of 110/w + (-2)/6.
7
List the prime factors of (-12)/20 - 592/(-20).
29
Let x(b) = b**2 + 6*b + 9. List the prime factors of x(14).
17
Let v(x) be the second derivative of x**7/2520 + x**6/720 - x**5/40 + x**4/12 + x. Let m(l) be the third derivative of v(l). List the prime factors of m(3).
3
Let x(z) = -5 + z**2 + 6 - 5*z + 4. What are the prime factors of x(5)?
5
Let t(z) = -z**2 - 10*z + 3. Suppose -2*s - 7 = -4*s - 3*f, 24 = -s + 4*f. Let c be s/16 - (-70)/(-8). What are the prime factors of t(c)?
2, 3
Suppose 0 = 2*m - 15 - 5. Let r = m - 6. List the prime factors of r.
2
What are the prime factors of 9/((-27)/(-30)) - 1?
3
Let f = 26 + 2. What are the prime factors of f?
2, 7
Let u(y) = -9*y**3 - 3*y**2 - 4*y - 4. Let c be u(-3). Let p be (6/(-4))/((-24)/c). What are the prime factors of 178/p - (-8)/28?
13
Suppose -84 - 112 = -4*p. What are the prime factors of p?
7
Suppose -4*y - 5*b = -228 - 129, 0 = -3*y + 5*b + 294. What are the prime factors of y?
3, 31
List the prime factors of -82*((-10)/16)/((-14)/(-56)).
5, 41
Let v(k) = -k**3 + 5*k**2 - k + 3. Let u be v(5). Let w(j) = -3*j + 2. What are the prime factors of w(u)?
2
Let i = 6 + 1. Let p(t) = -t**2 + 7*t + 3. Let o be p(i). Suppose 3*u = -3, -o*k + 3*u = 2*u - 28. What are the prime factors of k?
3
Let j(l) = l + 48. Let q be j(0). Let k = -27 + q. What are the prime factors of k?
3, 7
Let x = -11 + 9. Let g = x + 34. What are the prime factors of g?
2
Let c be (2 + -1)*(-12)/(-6). What are the prime factors of 8/(-10)*(-35)/c?
2, 7
Let o = -10 + 2. Let h = 6 + o. List the prime factors of (5 - 3)*(h + 4).
2
What are the prime factors of 107 + ((-12)/(-3) - 2)?
109
Let i be 2/1*7/(-2). Let k = i - -10. Suppose 0 = k*u - 3 - 12. List the prime factors of u.
5
Suppose 2*z = -4*u + 238, 0 = 5*z + u - 284 - 275. Suppose 0 = 3*f - 2*o - 84, -2*o = -4*f + o + z. Let v = -15 + f. What are the prime factors of v?
3, 5
Let u = 482 - 264. List the prime factors of u.
2, 109
Suppose 3*t = 2*f + 173, -f - 2*f = 5*t - 282. What are the prime factors of t?
3, 19
Suppose -2*g - 21 = -5*a, 2*a - 4 = -0*g + 3*g. Suppose -3*u = -4*u + 4*o + 19, g*o - 1 = -u. Suppose 2*f = -3 + u. What are the prime factors of f?
2
Let n be 4/(-6)*6/4. Let o be (-1)/3*(-7 - n). Suppose -o*g - 5*d = -39, -g + 0*g + 5*d = -12. List the prime factors of g.
17
Let t(g) = -g - 2. Let b be t(-4). Let p(l) = -l**3 - l**2 - 1. Let r(w) = w**3. Let z(k) = p(k) + 2*r(k). What are the prime factors of z(b)?
3
Let w(t) = t**2 + 8*t. List the prime factors of w(-9).
3
Let n = -218 - -150. Let s = -48 - n. What are the prime factors of s?
2, 5
Let z be (2 - -1)/(-3 - -4). Suppose -225 = z*j - 8*j. List the prime factors of j.
3, 5
Let t = -78 + 134. List the prime factors of 21/(-14)*t/(-6).
2, 7
Let n be -1 + 0 + (6 - 3). Let x = -2 - n. What are the prime factors of ((-52)/16)/(1/x)?
13
Suppose 5*g - 109 = 86. List the prime factors of g.
3, 13
Let i = -4 + 9. Let u = -7 + i. List the prime factors of 1/(34/16 + u).
2
Let y = -34 - -294. What are the prime factors of y?
2, 5, 13
Let l be (1 + 1 - 2)/(-2). Let d(j) = j**3 + j**2 + 16. Let s be d(l). Let t = s - 6. What are the prime factors of t?
2, 5
Suppose 0 = 5*x - x - 124. Suppose 4*k = -5*h + 57, 3*h + 2*k = x + 4. List the prime factors of h.
13
Let f(y) = y - 3. Let w(j) = -j**3 - 4*j**2 - 5*j - 4. Let x be w(-4). What are the prime factors of f(x)?
13
Suppose 2*g = 3*p + 7*g - 522, -4*g = -5*p + 907. What are the prime factors of p?
179
Let y = -2 - -1. Let k be (-2 - -3)/(y/(-2)). List the prime factors of (-21 + 0)*k/(-6).
7
Let q(n) = -n**3 + 5*n - 2. Let f be q(3). What are the prime factors of f/(-7)*(-25)/(-2)?
5
Let t = -47 + 95. What are the prime factors of t?
2, 3
Suppose p - 15 = -2*p. Suppose p*n + 4*u - 45 = 0, -4*u - u = -3*n + 27. List the prime factors of n.
3
Let v = -13 + 18. Suppose -3*g + v*t = 6, 2*t - 12 = -g - t. What are the prime factors of g?
3
Let b = -66 + 133. What are the prime factors of b?
67
Let z(w) = 4*w**2 - 9*w. List the prime factors of z(6).
2, 3, 5
Let u(n) = -3*n - 9. Let h be u(-4). Let o = 6 - h. What are the prime factors of o?
3
Suppose -2*m - 4*y + 37 = m, -2*m + y + 43 = 0. What are the prime factors of m?
19
What are the prime factors of 174 - 7/((-21)/6)?
2, 11
Let w(c) = -2 + 3*c - 5*c + 9*c. Suppose 4*x - 1 = 7. List the prime factors of w(x).
2, 3
Let w(d) = -d - 4. Let a be w(9). Let p = 4 - -15. Let y = a + p. What are the prime factors of y?
2, 3
Let p(v) = -2*v**2 + 12*v + 2 - v**3 + 13*v - 25*v. List the prime factors of p(-3).
11
Let z(h) = -2*h**3 - 9*h**2 - 13*h - 5. What are the prime factors of z(-5)?
5, 17
Let f(s) = s**2 - 10*s - 10. Let b be f(12). Suppose 30 = 4*d - b. List the prime factors of d.
11
Let x be (-7)/(-2)*(-2 + 0). Let a = -2 - x. What are the prime factors of a?
5
Suppose -4*u = m - 6, -6*m + 4*m = 2*u - 6. Let p(b) = -b**2 + 6*b - 3. Let q be p(5). What are the prime factors of q/1*2 + m?
2, 3
Let d be 0/((-3 - -3) + 2). Let u be d*-3*(-3)/9. Suppose 2 = v - 0, -5*a - 2*v + 49 = u. What are the prime factors of a?
3
Let o be 1/(0 - 3/(-15)). Suppose -20 = -o*r + x, x + 4*x = -2*r - 19. What are the prime factors of r?
3
Let p(r) = -r**3 + 8*r**2 - r + 4. Let n be p(8). What are the prime factors of (2/3)/(n/(-66))?
11
Let c be 5/15 + 22/6. Suppose 3*j = -2*l + 7, -9 = -c*j + 3*l - 6*l. What are the prime factors of (j/(-4))/(5/(-20))?
3
Let l(y) = y**3 - 6*y**2 + 2*y - 6. Let b(r) = -3*r**3 + 18*r**2 - 6*r + 19. Let i(f) = -3*b(f) - 8*l(f). What are the prime factors of i(6)?
3
Let k be ((-6)/4)/(3/(-8)). Suppose 3*i = k*i. List the prime factors of i + -4*3/(-6).
2
Suppose 0 = -2*j - 0 - 4. Let w be (-1 - -2) + (0 - j). Suppose 0 = -w*c + 7*c - 8. What are the prime factors of c?
2
Suppose -8*t + 11 = -1317. List the prime factors of t.
2, 83
Suppose 7*g = 2*g + 25. Suppos